{"id":5531,"date":"2026-04-06T16:41:08","date_gmt":"2026-04-06T16:41:08","guid":{"rendered":"https:\/\/atrapapelos.shop\/?post_type=product&#038;p=5531"},"modified":"2026-04-06T16:42:38","modified_gmt":"2026-04-06T16:42:38","slug":"1-botella-blanco-vinun-ad-amicus-2024-d-o-c-rioja-subzona-rioja-alta","status":"publish","type":"product","link":"https:\/\/atrapapelos.shop\/index.php\/producto\/1-botella-blanco-vinun-ad-amicus-2024-d-o-c-rioja-subzona-rioja-alta\/","title":{"rendered":"1 BOTELLA BLANCO VINUN AD AMICUS 2024 D.O.C. RIOJA. SUBZONA RIOJA ALTA"},"content":{"rendered":"<h3>VI\u00d1EDOS<\/h3>\n<p>Procedente de parcelas de m\u00e1s de 40 a\u00f1os de edad vendimiadas a mano y situadas en la comarca de la Sonsierra, en pleno coraz\u00f3n de la Rioja Alta.<\/p>\n<h3>VARIEDADES<\/h3>\n<p>100% Viura.<\/p>\n<h3>ELABORACI\u00d3N<\/h3>\n<p>Maceraci\u00f3n pelicular del mosto con los hollejos a baja temperatura durante 24 horas para la m\u00e1xima extracci\u00f3n de los aromas de la piel de la uva. Tras un suave prensado se obtiene el mosto de yema que es desfangado en fr\u00edo durante 24 horas para una posterior fermentaci\u00f3n en dep\u00f3sitos de acero inoxidable a temperatura controlada de 17\u00baC con el fin de conservar esos aromas primarios frutales y florales propios de una viura bien elaborada Presentado en botellas de 0,75 lts..<strong>Contiene sulfitos.<\/strong><\/p>\n<h3>NOTAS DE CATA<\/h3>\n<p>De brillante color amarillo pajizo con reflejos nacarados. En nariz nos ofrece aromas frescos de manzana verde y pera con toques c\u00edtricos de pomelo. Su boca se caracteriza por su frescura y ligereza, haciendo de \u00e9l un vino apetecible y muy f\u00e1cil de beber.<\/p>\n","protected":false},"excerpt":{"rendered":"<p>VI\u00d1EDOS Procedente de parcelas de m\u00e1s de 40 a\u00f1os de edad vendimiadas a mano y situadas en la comarca de la Sonsierra, en pleno coraz\u00f3n de la Rioja Alta. VARIEDADES [&hellip;]<\/p>\n","protected":false},"featured_media":5551,"comment_status":"open","ping_status":"closed","template":"","meta":[],"product_brand":[],"product_cat":[235],"product_tag":[81],"class_list":{"0":"post-5531","1":"product","2":"type-product","3":"status-publish","4":"has-post-thumbnail","6":"product_cat-vinos-vinun-ad-amicus-denominacion-origen-rioja-subzona-rioja-alta","7":"product_tag-rioja","9":"first","10":"instock","11":"shipping-taxable","12":"purchasable","13":"product-type-simple"},"_links":{"self":[{"href":"https:\/\/atrapapelos.shop\/index.php\/wp-json\/wp\/v2\/product\/5531","targetHints":{"allow":["GET"]}}],"collection":[{"href":"https:\/\/atrapapelos.shop\/index.php\/wp-json\/wp\/v2\/product"}],"about":[{"href":"https:\/\/atrapapelos.shop\/index.php\/wp-json\/wp\/v2\/types\/product"}],"replies":[{"embeddable":true,"href":"https:\/\/atrapapelos.shop\/index.php\/wp-json\/wp\/v2\/comments?post=5531"}],"wp:featuredmedia":[{"embeddable":true,"href":"https:\/\/atrapapelos.shop\/index.php\/wp-json\/wp\/v2\/media\/5551"}],"wp:attachment":[{"href":"https:\/\/atrapapelos.shop\/index.php\/wp-json\/wp\/v2\/media?parent=5531"}],"wp:term":[{"taxonomy":"product_brand","embeddable":true,"href":"https:\/\/atrapapelos.shop\/index.php\/wp-json\/wp\/v2\/product_brand?post=5531"},{"taxonomy":"product_cat","embeddable":true,"href":"https:\/\/atrapapelos.shop\/index.php\/wp-json\/wp\/v2\/product_cat?post=5531"},{"taxonomy":"product_tag","embeddable":true,"href":"https:\/\/atrapapelos.shop\/index.php\/wp-json\/wp\/v2\/product_tag?post=5531"}],"curies":[{"name":"wp","href":"https:\/\/api.w.org\/{rel}","templated":true}]}}