{"id":5424,"date":"2026-04-06T16:29:28","date_gmt":"2026-04-06T16:29:28","guid":{"rendered":"https:\/\/atrapapelos.shop\/?post_type=product&#038;p=5424"},"modified":"2026-04-06T16:38:55","modified_gmt":"2026-04-06T16:38:55","slug":"tomate-frito-en-aceite-de-oliva-350-g","status":"publish","type":"product","link":"https:\/\/atrapapelos.shop\/index.php\/producto\/tomate-frito-en-aceite-de-oliva-350-g\/","title":{"rendered":"Tomate Frito en aceite de oliva 350 g"},"content":{"rendered":"<p>Tomate frito en aceite de oliva virgen extra, de 350 g de peso neto y envasado en el formato cristal B-370.<\/p>\n<p>Ingredientes: tomate natural (se hace a a partir 540 g de tomate fresco), aceite de oliva virgen extra (contiene un 4,5%), cebolla fresca, az\u00facar, almid\u00f3n de ma\u00edz, ajo y sal.<\/p>\n<p>No contiene ni conservantes ni colorantes. No contiene gluten.<\/p>\n","protected":false},"excerpt":{"rendered":"<p>Tomate frito en Aceite de Oliva Virgen Extra.<\/p>\n","protected":false},"featured_media":5480,"comment_status":"open","ping_status":"closed","template":"","meta":[],"product_brand":[],"product_cat":[126,113],"product_tag":[],"class_list":{"0":"post-5424","1":"product","2":"type-product","3":"status-publish","4":"has-post-thumbnail","6":"product_cat-alcachofas-borraja-cardo-menestra-y-tomate-naturales-delicatessen","7":"product_cat-conservas-vegetales-y-de-pescado","9":"first","10":"instock","11":"shipping-taxable","12":"purchasable","13":"product-type-simple"},"_links":{"self":[{"href":"https:\/\/atrapapelos.shop\/index.php\/wp-json\/wp\/v2\/product\/5424","targetHints":{"allow":["GET"]}}],"collection":[{"href":"https:\/\/atrapapelos.shop\/index.php\/wp-json\/wp\/v2\/product"}],"about":[{"href":"https:\/\/atrapapelos.shop\/index.php\/wp-json\/wp\/v2\/types\/product"}],"replies":[{"embeddable":true,"href":"https:\/\/atrapapelos.shop\/index.php\/wp-json\/wp\/v2\/comments?post=5424"}],"wp:featuredmedia":[{"embeddable":true,"href":"https:\/\/atrapapelos.shop\/index.php\/wp-json\/wp\/v2\/media\/5480"}],"wp:attachment":[{"href":"https:\/\/atrapapelos.shop\/index.php\/wp-json\/wp\/v2\/media?parent=5424"}],"wp:term":[{"taxonomy":"product_brand","embeddable":true,"href":"https:\/\/atrapapelos.shop\/index.php\/wp-json\/wp\/v2\/product_brand?post=5424"},{"taxonomy":"product_cat","embeddable":true,"href":"https:\/\/atrapapelos.shop\/index.php\/wp-json\/wp\/v2\/product_cat?post=5424"},{"taxonomy":"product_tag","embeddable":true,"href":"https:\/\/atrapapelos.shop\/index.php\/wp-json\/wp\/v2\/product_tag?post=5424"}],"curies":[{"name":"wp","href":"https:\/\/api.w.org\/{rel}","templated":true}]}}