{"id":5413,"date":"2026-04-06T16:21:58","date_gmt":"2026-04-06T16:21:58","guid":{"rendered":"https:\/\/atrapapelos.shop\/?post_type=product&#038;p=5413"},"modified":"2026-04-06T16:38:25","modified_gmt":"2026-04-06T16:38:25","slug":"navajas-al-natural-de-las-rias-gallegas-peso-63-g","status":"publish","type":"product","link":"https:\/\/atrapapelos.shop\/index.php\/producto\/navajas-al-natural-de-las-rias-gallegas-peso-63-g\/","title":{"rendered":"Navajas al natural de las Rias Gallegas. Peso  63 g"},"content":{"rendered":"<p>Sabrosas<strong> navajas<\/strong> de las r\u00edas gallegas, al natural, para que disfrutes al m\u00e1ximo de este peque\u00f1o manjar.<\/p>\n","protected":false},"excerpt":{"rendered":"<p>Navajas de las r\u00edas gallegas al natural<\/p>\n","protected":false},"featured_media":5468,"comment_status":"open","ping_status":"closed","template":"","meta":[],"product_brand":[],"product_cat":[113,158],"product_tag":[],"class_list":{"0":"post-5413","1":"product","2":"type-product","3":"status-publish","4":"has-post-thumbnail","6":"product_cat-conservas-vegetales-y-de-pescado","7":"product_cat-sardinillas-mejillones-navajas-bonito-y-atun","9":"first","10":"instock","11":"shipping-taxable","12":"purchasable","13":"product-type-simple"},"_links":{"self":[{"href":"https:\/\/atrapapelos.shop\/index.php\/wp-json\/wp\/v2\/product\/5413","targetHints":{"allow":["GET"]}}],"collection":[{"href":"https:\/\/atrapapelos.shop\/index.php\/wp-json\/wp\/v2\/product"}],"about":[{"href":"https:\/\/atrapapelos.shop\/index.php\/wp-json\/wp\/v2\/types\/product"}],"replies":[{"embeddable":true,"href":"https:\/\/atrapapelos.shop\/index.php\/wp-json\/wp\/v2\/comments?post=5413"}],"wp:featuredmedia":[{"embeddable":true,"href":"https:\/\/atrapapelos.shop\/index.php\/wp-json\/wp\/v2\/media\/5468"}],"wp:attachment":[{"href":"https:\/\/atrapapelos.shop\/index.php\/wp-json\/wp\/v2\/media?parent=5413"}],"wp:term":[{"taxonomy":"product_brand","embeddable":true,"href":"https:\/\/atrapapelos.shop\/index.php\/wp-json\/wp\/v2\/product_brand?post=5413"},{"taxonomy":"product_cat","embeddable":true,"href":"https:\/\/atrapapelos.shop\/index.php\/wp-json\/wp\/v2\/product_cat?post=5413"},{"taxonomy":"product_tag","embeddable":true,"href":"https:\/\/atrapapelos.shop\/index.php\/wp-json\/wp\/v2\/product_tag?post=5413"}],"curies":[{"name":"wp","href":"https:\/\/api.w.org\/{rel}","templated":true}]}}